{"id":10844,"date":"2020-02-26T14:07:35","date_gmt":"2020-02-26T12:07:35","guid":{"rendered":"https:\/\/faceb2b.com\/?page_id=10844"},"modified":"2020-02-26T14:08:59","modified_gmt":"2020-02-26T12:08:59","slug":"politica-de-privacidad","status":"publish","type":"page","link":"https:\/\/faceb2b.com\/en\/politica-de-privacidad\/","title":{"rendered":"Pol\u00edtica de Privacidad"},"content":{"rendered":"[av_one_full first min_height=&#8221; vertical_alignment=&#8221; space=&#8221; custom_margin=&#8221; margin=&#8217;0px&#8217; row_boxshadow=&#8221; row_boxshadow_color=&#8221; row_boxshadow_width=&#8217;10&#8217; link=&#8221; linktarget=&#8221; link_hover=&#8221; padding=&#8217;0px&#8217; highlight=&#8221; highlight_size=&#8221; border=&#8221; border_color=&#8221; radius=&#8217;0px&#8217; column_boxshadow=&#8221; column_boxshadow_color=&#8221; column_boxshadow_width=&#8217;10&#8217; background=&#8217;bg_color&#8217; background_color=&#8221; background_gradient_color1=&#8221; background_gradient_color2=&#8221; background_gradient_direction=&#8217;vertical&#8217; src=&#8221; background_position=&#8217;top left&#8217; background_repeat=&#8217;no-repeat&#8217; animation=&#8221; mobile_breaking=&#8221; mobile_display=&#8221; av_uid=&#8217;av-s9fw1o&#8217;]\n[av_textblock size=&#8221; font_color=&#8221; color=&#8221; av-medium-font-size=&#8221; av-small-font-size=&#8221; av-mini-font-size=&#8221; av_uid=&#8217;av-k739xrnt&#8217; admin_preview_bg=&#8221;]\n<h2 style=\"text-align: center;\">Pol\u00edtica de privacidad<\/h2>\n<p>&nbsp;<\/p>\n<p>A trav\u00e9s de este sitio web no se recaban datos de car\u00e1cter personal de los usuarios sin su conocimiento, ni se ceden a terceros.<\/p>\n<p>Con la finalidad de ofrecerle el mejor servicio y con el objeto de facilitar el uso, se analizan el n\u00famero de p\u00e1ginas visitadas, el n\u00famero de visitas, as\u00ed como la actividad de los visitantes y su frecuencia de utilizaci\u00f3n. A estos efectos, ZeroComa utiliza la informaci\u00f3n estad\u00edstica elaborada por el Proveedor de Servicios de Internet.<\/p>\n<p>ZeroComa no utiliza cookies para recoger informaci\u00f3n de los usuarios, ni registra las direcciones IP de acceso. \u00danicamente se utilizan cookies propias,\u00a0 de sesi\u00f3n, con finalidad t\u00e9cnica (aquellas que permiten al usuario la navegaci\u00f3n a trav\u00e9s del sitio web y la utilizaci\u00f3n de las diferentes opciones y servicios que en ella existen).<\/p>\n<p>El portal del que es titular ZeroComa contiene enlaces a sitios web de terceros, cuyas pol\u00edticas de privacidad son ajenas a ZeroComa. Al acceder a tales sitios web usted puede decidir si acepta sus pol\u00edticas de privacidad y de cookies. Con car\u00e1cter general, si navega por internet usted puede aceptar o rechazar las cookies de terceros desde las opciones de configuraci\u00f3n de su navegador.<\/p>\n<p><strong>Informaci\u00f3n b\u00e1sica sobre protecci\u00f3n de datos<\/strong><\/p>\n<p>A continuaci\u00f3n le informamos sobre la pol\u00edtica de protecci\u00f3n de datos de ZeroComa.<\/p>\n<p><strong>Responsable del tratamiento<\/strong><\/p>\n<p>Los datos de car\u00e1cter personal que se pudieran recabar directamente del interesado ser\u00e1n tratados de forma confidencial y quedar\u00e1n incorporados a la correspondiente actividad de tratamiento titularidad de ZeroComa.<\/p>\n<p><strong>Finalidad<\/strong><\/p>\n<p>La finalidad del tratamiento de los datos corresponde a cada una de las actividades de tratamiento que realiza ZeroComa y que est\u00e1n accesibles en el registro de actividades\u00a0de tratamiento.<\/p>\n<p><strong>Legitimaci\u00f3n<\/strong><\/p>\n<p>El tratamiento de sus datos se realiza para el cumplimiento de obligaciones legales por parte de ZeroComa, para el cumplimiento de misiones realizada en inter\u00e9s p\u00fablico o en el ejercicio de poderes p\u00fablicos conferidos a ZeroComa, as\u00ed como cuando la finalidad del tratamiento requiera su consentimiento, que habr\u00e1 de ser prestado mediante una clara acci\u00f3n afirmativa.<\/p>\n<p><strong>Conservaci\u00f3n de datos<\/strong><\/p>\n<p>Los datos personales proporcionados se conservar\u00e1n durante el tiempo necesario para cumplir con la finalidad para la que se recaban y para determinar las posibles responsabilidades que se pudieran derivar de la finalidad, adem\u00e1s de los per\u00edodos establecidos en la normativa de archivos y documentaci\u00f3n.<\/p>\n<p><strong>Comunicaci\u00f3n de datos<\/strong><\/p>\n<p>Con car\u00e1cter general no se comunicar\u00e1n los datos personales a terceros, salvo obligaci\u00f3n legal, entre las que pueden estar las comunicaciones al Defensor del Pueblo, Jueces y Tribunales, interesados en los procedimientos relacionados con la reclamaciones presentadas.<\/p>\n<p><strong>Derechos de los interesados<\/strong><\/p>\n<p>Cualquier persona tiene derecho a obtener confirmaci\u00f3n sobre los tratamientos que de sus datos que se llevan a cabo por ZeroComa.<\/p>\n<p>Puede ejercer sus derechos de acceso, rectificaci\u00f3n, supresi\u00f3n y portabilidad de sus datos, de limitaci\u00f3n y oposici\u00f3n a su tratamiento, as\u00ed como a no ser objeto de decisiones basadas \u00fanicamente en el tratamiento automatizado de sus datos, cuando procedan, ante ZeroComa, en la direcci\u00f3n de correo electr\u00f3nico info@faceb2b.com.<br \/>\n[\/av_textblock]\n[\/av_one_full]\n","protected":false},"excerpt":{"rendered":"<p>[av_one_full first min_height=&#8221; vertical_alignment=&#8221; space=&#8221; custom_margin=&#8221; margin=&#8217;0px&#8217; row_boxshadow=&#8221; row_boxshadow_color=&#8221; row_boxshadow_width=&#8217;10&#8217; link=&#8221; linktarget=&#8221; link_hover=&#8221; padding=&#8217;0px&#8217; highlight=&#8221; highlight_size=&#8221; border=&#8221; border_color=&#8221; radius=&#8217;0px&#8217; column_boxshadow=&#8221; column_boxshadow_color=&#8221; column_boxshadow_width=&#8217;10&#8217; background=&#8217;bg_color&#8217; background_color=&#8221; background_gradient_color1=&#8221; background_gradient_color2=&#8221; background_gradient_direction=&#8217;vertical&#8217; src=&#8221; background_position=&#8217;top left&#8217; background_repeat=&#8217;no-repeat&#8217; animation=&#8221; mobile_breaking=&#8221; mobile_display=&#8221; av_uid=&#8217;av-s9fw1o&#8217;] [av_textblock size=&#8221; font_color=&#8221; color=&#8221; av-medium-font-size=&#8221; av-small-font-size=&#8221; av-mini-font-size=&#8221; av_uid=&#8217;av-k739xrnt&#8217; admin_preview_bg=&#8221;] Pol\u00edtica de privacidad &nbsp; A trav\u00e9s&#8230;<\/p>\n","protected":false},"author":1,"featured_media":0,"parent":0,"menu_order":0,"comment_status":"closed","ping_status":"closed","template":"","meta":{"footnotes":""},"class_list":["post-10844","page","type-page","status-publish","hentry"],"_links":{"self":[{"href":"https:\/\/faceb2b.com\/en\/wp-json\/wp\/v2\/pages\/10844","targetHints":{"allow":["GET"]}}],"collection":[{"href":"https:\/\/faceb2b.com\/en\/wp-json\/wp\/v2\/pages"}],"about":[{"href":"https:\/\/faceb2b.com\/en\/wp-json\/wp\/v2\/types\/page"}],"author":[{"embeddable":true,"href":"https:\/\/faceb2b.com\/en\/wp-json\/wp\/v2\/users\/1"}],"replies":[{"embeddable":true,"href":"https:\/\/faceb2b.com\/en\/wp-json\/wp\/v2\/comments?post=10844"}],"version-history":[{"count":1,"href":"https:\/\/faceb2b.com\/en\/wp-json\/wp\/v2\/pages\/10844\/revisions"}],"predecessor-version":[{"id":15297,"href":"https:\/\/faceb2b.com\/en\/wp-json\/wp\/v2\/pages\/10844\/revisions\/15297"}],"wp:attachment":[{"href":"https:\/\/faceb2b.com\/en\/wp-json\/wp\/v2\/media?parent=10844"}],"curies":[{"name":"wp","href":"https:\/\/api.w.org\/{rel}","templated":true}]}}

Política de Privacidad

[av_one_full first min_height=&#8221; vertical_alignment=&#8221; space=&#8221; custom_margin=&#8221; margin=&#8217;0px&#8217; row_boxshadow=&#8221; row_boxshadow_color=&#8221; row_boxshadow_width=&#8217;10&#8217; link=&#8221; linktarget=&#8221; link_hover=&#8221; padding=&#8217;0px&#8217; highlight=&#8221; highlight_size=&#8221; border=&#8221; border_color=&#8221; radius=&#8217;0px&#8217; column_boxshadow=&#8221; column_boxshadow_color=&#8221; column_boxshadow_width=&#8217;10&#8217; background=&#8217;bg_color&#8217; background_color=&#8221; background_gradient_color1=&#8221; background_gradient_color2=&#8221; background_gradient_direction=&#8217;vertical&#8217; src=&#8221; background_position=&#8217;top left&#8217; background_repeat=&#8217;no-repeat&#8217; animation=&#8221; mobile_breaking=&#8221; mobile_display=&#8221; av_uid=&#8217;av-s9fw1o&#8217;]
[av_textblock size=&#8221; font_color=&#8221; color=&#8221; av-medium-font-size=&#8221; av-small-font-size=&#8221; av-mini-font-size=&#8221; av_uid=&#8217;av-k739xrnt&#8217; admin_preview_bg=&#8221;]
<h2 style="text-align: center;">Política de privacidad</h2>
<p>&nbsp;</p>
<p>A través de este sitio web no se recaban datos de carácter personal de los usuarios sin su conocimiento, ni se ceden a terceros.</p>
<p>Con la finalidad de ofrecerle el mejor servicio y con el objeto de facilitar el uso, se analizan el número de páginas visitadas, el número de visitas, así como la actividad de los visitantes y su frecuencia de utilización. A estos efectos, ZeroComa utiliza la información estadística elaborada por el Proveedor de Servicios de Internet.</p>
<p>ZeroComa no utiliza cookies para recoger información de los usuarios, ni registra las direcciones IP de acceso. Únicamente se utilizan cookies propias,  de sesión, con finalidad técnica (aquellas que permiten al usuario la navegación a través del sitio web y la utilización de las diferentes opciones y servicios que en ella existen).</p>
<p>El portal del que es titular ZeroComa contiene enlaces a sitios web de terceros, cuyas políticas de privacidad son ajenas a ZeroComa. Al acceder a tales sitios web usted puede decidir si acepta sus políticas de privacidad y de cookies. Con carácter general, si navega por internet usted puede aceptar o rechazar las cookies de terceros desde las opciones de configuración de su navegador.</p>
<p><strong>Información básica sobre protección de datos</strong></p>
<p>A continuación le informamos sobre la política de protección de datos de ZeroComa.</p>
<p><strong>Responsable del tratamiento</strong></p>
<p>Los datos de carácter personal que se pudieran recabar directamente del interesado serán tratados de forma confidencial y quedarán incorporados a la correspondiente actividad de tratamiento titularidad de ZeroComa.</p>
<p><strong>Finalidad</strong></p>
<p>La finalidad del tratamiento de los datos corresponde a cada una de las actividades de tratamiento que realiza ZeroComa y que están accesibles en el registro de actividades de tratamiento.</p>
<p><strong>Legitimación</strong></p>
<p>El tratamiento de sus datos se realiza para el cumplimiento de obligaciones legales por parte de ZeroComa, para el cumplimiento de misiones realizada en interés público o en el ejercicio de poderes públicos conferidos a ZeroComa, así como cuando la finalidad del tratamiento requiera su consentimiento, que habrá de ser prestado mediante una clara acción afirmativa.</p>
<p><strong>Conservación de datos</strong></p>
<p>Los datos personales proporcionados se conservarán durante el tiempo necesario para cumplir con la finalidad para la que se recaban y para determinar las posibles responsabilidades que se pudieran derivar de la finalidad, además de los períodos establecidos en la normativa de archivos y documentación.</p>
<p><strong>Comunicación de datos</strong></p>
<p>Con carácter general no se comunicarán los datos personales a terceros, salvo obligación legal, entre las que pueden estar las comunicaciones al Defensor del Pueblo, Jueces y Tribunales, interesados en los procedimientos relacionados con la reclamaciones presentadas.</p>
<p><strong>Derechos de los interesados</strong></p>
<p>Cualquier persona tiene derecho a obtener confirmación sobre los tratamientos que de sus datos que se llevan a cabo por ZeroComa.</p>
<p>Puede ejercer sus derechos de acceso, rectificación, supresión y portabilidad de sus datos, de limitación y oposición a su tratamiento, así como a no ser objeto de decisiones basadas únicamente en el tratamiento automatizado de sus datos, cuando procedan, ante ZeroComa, en la dirección de correo electrónico info@faceb2b.com.<br />
[/av_textblock]
[/av_one_full]

<p>[av_one_full first min_height=&#8221; vertical_alignment=&#8221; space=&#8221; custom_margin=&#8221; margin=&#8217;0px&#8217; row_boxshadow=&#8221; row_boxshadow_color=&#8221; row_boxshadow_width=&#8217;10&#8217; link=&#8221; linktarget=&#8221; link_hover=&#8221; padding=&#8217;0px&#8217; highlight=&#8221; highlight_size=&#8221; border=&#8221; border_color=&#8221; radius=&#8217;0px&#8217; column_boxshadow=&#8221; column_boxshadow_color=&#8221; column_boxshadow_width=&#8217;10&#8217; background=&#8217;bg_color&#8217; background_color=&#8221; background_gradient_color1=&#8221; background_gradient_color2=&#8221; background_gradient_direction=&#8217;vertical&#8217; src=&#8221; background_position=&#8217;top left&#8217; background_repeat=&#8217;no-repeat&#8217; animation=&#8221; mobile_breaking=&#8221; mobile_display=&#8221; av_uid=&#8217;av-s9fw1o&#8217;] [av_textblock size=&#8221; font_color=&#8221; color=&#8221; av-medium-font-size=&#8221; av-small-font-size=&#8221; av-mini-font-size=&#8221; av_uid=&#8217;av-k739xrnt&#8217; admin_preview_bg=&#8221;] Política de privacidad &nbsp; A través&#8230;</p>
